t is m(-2)?
18
Let g(q) = -q - 17. Calculate g(-5).
-12
Let h(t) = -t**3 + 19*t**2 - 38*t + 37. Give h(17).
-31
Let w(y) = -y**2 + 10*y + 7. Determine w(6).
31
Let b(v) = -v**2 + 10*v - 10. Give b(4).
14
Let z(y) = 12*y - 42. Determine z(6).
30
Let m(w) = 3*w**2 + 19*w + 6. Calculate m(-9).
78
Let c(z) = z + 9. What is c(-12)?
-3
Let k(d) = 10*d + 4. Calculate k(-5).
-46
Let x(z) = -z - 15. Determine x(-10).
-5
Let c(b) = b**3 + 12*b**2 + b - 7. Determine c(-12).
-19
Let q(j) = 3*j - 13. Calculate q(4).
-1
Let i(p) = -7*p + 66. Give i(9).
3
Let d(g) = 5*g + 39. What is d(-7)?
4
Let g(p) = p**3 + p - 9. Give g(0).
-9
Let j(d) = -23*d**2 + 324*d - 20. Determine j(14).
8
Let o(h) = 9*h**2 - 2*h - 1. Calculate o(-1).
10
Let i(q) = -8*q**3 + 2*q**2 + 3*q - 3. Determine i(-2).
63
Let d(k) = k**3 - 4*k**2 + 7*k - 5. Determine d(4).
23
Let q(z) = 9*z + 2. Give q(-1).
-7
Let y(n) = n**3 - 5*n**2 - 11*n + 25. Give y(6).
-5
Let m(t) = -51*t**2 - 3*t + 2. Give m(1).
-52
Let v(k) = -k**3 + 7*k**2 - 6*k - 2. Determine v(5).
18
Let s(u) = -5*u**3 + 2*u**2 - 4*u + 2. What is s(2)?
-38
Let d(u) = u**2 - 20*u + 5. Determine d(21).
26
Let k(a) = 2*a**3 + 3*a**2 + a - 1. Calculate k(-1).
-1
Let t(s) = -2*s + 1. Calculate t(2).
-3
Let a(m) = -m**2 + 10*m - 8. What is a(9)?
1
Let j(s) = s**3 - 27*s**2 - 27*s - 18. What is j(28)?
10
Let c(v) = 4*v + 21. Determine c(-6).
-3
Let s(d) = -5*d - 31. Determine s(-15).
44
Let o(a) = -25*a**2 + 2*a + 2. Calculate o(-1).
-25
Let f(h) = 4*h - 3. What is f(-5)?
-23
Let n(w) = 3*w + 5. Determine n(-2).
-1
Let u(z) = 4*z - 23. Calculate u(6).
1
Let j(b) = b**3 + 3*b**2 - 6*b. Give j(-5).
-20
Let d(c) = 3*c - 3. Determine d(-6).
-21
Let z(g) = -g**3 - 12*g**2 - g - 7. Give z(-12).
5
Let o(q) = -2*q + 4. Give o(3).
-2
Let b(u) = -u**3 - u**2 + u - 4. What is b(-3)?
11
Let u(z) = -3*z - 27. What is u(5)?
-42
Let l(n) = -12*n + 4. Calculate l(0).
4
Let t(k) = -k**3 - 4*k**2 + 6. Give t(-5).
31
Let v(c) = 2*c**2 - 11*c + 22. What is v(5)?
17
Let c(m) = -16*m**2 + m. Give c(-1).
-17
Let t(y) = 2*y**2 + y - 8. Give t(-6).
58
Let v(d) = -d**3 + 8*d**2 - 2*d - 2. Give v(8).
-18
Let n(v) = -14*v**3 + v. Calculate n(1).
-13
Let p(x) = -2*x**3 - 11*x**2 - 4*x - 1. Calculate p(-5).
-6
Let l(p) = -p**2 - 22*p - 95. Give l(-8).
17
Let h(n) = 3*n + 12. Give h(-3).
3
Let j(a) = a**3 - 11*a**2 + 18*a + 8. Determine j(9).
8
Let z(n) = -16*n - 511. Give z(-32).
1
Let j(s) = -5*s + 22. Determine j(7).
-13
Let k(l) = -3*l + 27. What is k(32)?
-69
Let o(l) = l**3 + 16*l**2 - 14*l + 11. Determine o(-17).
-40
Let i(r) = r**3 - 14*r**2 - 36*r + 20. Calculate i(16).
-44
Let w(m) = 10*m - 50. What is w(4)?
-10
Let g(y) = -y**3 - 5*y**2 + 7*y + 2. Determine g(-6).
-4
Let y(l) = l - 6. Give y(-4).
-10
Let x(k) = 2*k - 12. Calculate x(8).
4
Let r(n) = 3*n - 205. Determine r(69).
2
Let r(k) = -k**3 - 8*k**2 + 8*k - 2. Give r(-9).
7
Let o(j) = j**3 + 10*j**2 + 63*j + 483. Give o(-9).
-3
Let r(b) = b**2 - 10*b + 34. Determine r(9).
25
Let c(d) = d**2 - 10*d - 21. Give c(10).
-21
Let d(v) = 3*v**3 + 2*v**2 - v. Calculate d(2).
30
Let w(t) = 2*t - 14. Give w(6).
-2
Let h(v) = -16*v - 16. What is h(-5)?
64
Let t(p) = p**2 + 19*p. What is t(-19)?
0
Let b(s) = s**2 - 4*s - 12. What is b(6)?
0
Let y(u) = -2*u**2 - 4*u + 28. Give y(3).
-2
Let v(z) = z**2 + 35*z - 148. Determine v(-39).
8
Let l(u) = u**3 - 13*u**2 + 11*u - 3. Calculate l(12).
-15
Let w(u) = -u**2 - 6*u - 5. Give w(-1).
0
Let h(x) = x**3 - 10*x**2 - 2*x + 15. Calculate h(10).
-5
Let c(x) = -x + 3. Give c(5).
-2
Let i(m) = -10*m + 74. Give i(8).
-6
Let f(s) = 6*s - 2. What is f(4)?
22
Let w(n) = n**3 - 9*n**2 - 3*n - 7. Determine w(9).
-34
Let c(o) = o**3 + 3*o**2 - 6*o - 3. Determine c(4).
85
Let q(z) = 70*z - 40. Give q(1).
30
Let h(l) = 28*l - 1. Determine h(1).
27
Let l(t) = -t**3 + 6*t**2 + 5*t - 12. Determine l(6).
18
Let n(p) = p**2 + 21*p + 44. Determine n(-18).
-10
Let w(d) = -10*d**3 - 2*d**2 - 14*d - 14. Give w(-1).
8
Let y(c) = 2*c - 17. Give y(9).
1
Let w(n) = -n**2 + 6*n - 3. What is w(2)?
5
Let s(r) = 8*r - 40. Determine s(5).
0
Let j(u) = -u**2 + u - 25. What is j(0)?
-25
Let r(v) = 6*v + 9. Determine r(-6).
-27
Let x(k) = 7*k**2 - 5*k + 4. Give x(1).
6
Let g(m) = 12*m**3 + 2*m**2 + 2. Give g(-2).
-86
Let l(n) = -3*n + 7. Determine l(2).
1
Let x(a) = 2*a. What is x(-2)?
-4
Let v(m) = -10*m + 11. Calculate v(-5).
61
Let v(c) = c**3 + 5*c**2 + 6*c + 3. Determine v(-4).
-5
Let l(i) = i**3 + i**2 + 57. Give l(-4).
9
Let i(n) = 16*n - 337. Give i(21).
-1
Let g(m) = m**2 + 9*m + 4. Give g(-8).
-4
Let s(r) = -3*r**2 + 4*r - 3. Determine s(3).
-18
Let l(p) = p**3 + 10*p**2 + 25*p - 14. What is l(-7)?
-42
Let t(d) = d - 16. Give t(5).
-11
Let a(n) = n**2 - 12*n + 16. Give a(11).
5
Let c(o) = o**3 - 6*o**2 + 7. Determine c(6).
7
Let l(o) = -19*o - 1. What is l(-1)?
18
Let q(u) = u**3 - 6*u**2 - 8*u + 3. Determine q(7).
-4
Let z(k) = k + 5. What is z(-14)?
-9
Let n(r) = -r**3 - 3*r**2 + 5*r - 2. Give n(-4).
-6
Let l(o) = 8*o + 88. What is l(-8)?
24
Let x(y) = -y - 4. What is x(-17)?
13
Let x(d) = d**2 - 5*d - 6. Give x(6).
0
Let j(w) = -w. What is j(2)?
-2
Let n(k) = k**3 - 8*k**2 + 5*k - 8. Determine n(7).
-22
Let g(l) = -l**3 - 4*l**2 + 8*l + 12. What is g(-4)?
-20
Let x(c) = c**2 - 43*c - 43. Determine x(-1).
1
Let u(l) = -l**3 - 43*l**2 - 40*l + 80. What is u(-42)?
-4
Let y(m) = m**2 - 22*m + 27. Give y(21).
6
Let q(h) = -h**3 + 9*h**2 - 8*h + 12. Give q(8).
12
Let n(m) = -m**3 - 14*m**2 + m + 22. Determine n(-14).
8
Let s(j) = j**3 - 4*j**2 - 8*j + 12. Determine s(5).
-3
Let n(c) = -28*c - 119. What is n(-6)?
49
Let k(q) = 2*q**3 + 9*q**2 - 9*q - 14. Calculate k(-5).
6
Let j(z) = -15*z + 6. Determine j(4).
-54
Let n(z) = z**3 - 10*z**2 - 4*z + 5. Calculate n(10).
-35
Let u(h) = 2*h**2 - 2*h - 5. Determine u(5).
35
Let b(w) = 5*w + 61. Give b(-11).
6
Let b(o) = -o**3 - 8*o**2 + 14*o + 20. Determine b(-8).
-92
Let h(x) = 2*x**3 + 2*x**2 + 47. Determine h(0).
47
Let m(j) = 139*j**2 + 2*j + 1. Give m(-1).
138
Let k(h) = 7*h - 10. Give k(-3).
-31
Let o(d) = -d**2 - 5*d + 6. Calculate o(-6).
0
Let v(o) = 2*o**3 - 8*o**2 - 25*o + 74. Give v(4).
-26
Let l(z) = -5*z**3 + 2*z**2 - z. What is l(1)?
-4
Let a(y) = -2*y + 59. Calculate a(29).
1
Let n(g) = 3*g - 20. Calculate n(0).
-20
Let z(m) = 2*m**2 + 48*m + 82. Calculate z(-22).
-6
Let v(o) = -o**3 - 28*o**2 + 28*o - 54. Calculate v(-29).
-25
Let u(p) = p**2 - 20*p + 103. Calculate u(6).
19
Let s(z) = 10*z - 11. What is s(2)?
9
Let a(t) = -18*t - 125. Determine a(-7).
1
Let b(r) = 5*r - 27. Determine b(10).
23
Let h(t) = -t + 3. What is h(-13)?
16
Let o(m) = -m**3 + 6*m**2 - 3*m + 6. Determine o(5).
16
Let a(p) = 28*p + 102. Give a(-4).
-10
Let k(v) = 7*v - 10. What is k(5)?
25
Let y(r) = 3*r - 27. Calculate y(12).
9
Let m(j) = -j**3 + j**2 - 34. Give m(0).
-34
Let s(x) = 4*x**2 + x + 2. What is s(2)?
20
Let m(k) = 2*k**2 + 6*k + 4. Give m(-5).
24
Let n(p) = -9*p + 3. Give n(6).
-51
Let o(k) = -k**2 + 2. What is o(3)?
-7
Let m(s) = -4*s**3 + 9*s - 15. Determine m(3).
-96
Let t(z) = z**2 + 7*z - 8. Determine t(-6).
-14
Let z(d) = d**3 + 8*d**2 + 10*d + 21. Determine z(-7).
0
Let a(j) = -j**3 - 10*j**2 + 10*j + 12. Calculate a(-11).
23
Let u(s) = 2*s**2 - 4*s + 6. What is u(5)?
36
Let v(f) = 2*f + 5. What is v(-2)?
1
Let x(h) = h**2 - 12*h + 20. Calculate x(9).
-7
Let a(r) = -5*r + 101. What is a(10)?
51
Let n(i) = i**3 - 3*i - 5. What is n(-4)?
-57
Let l(c) = -4*c + 51. Give l(20).
-29
Let s(o) = -o**3 + 17*o**2 - 5*o + 59. What is s(17)?
-26
Let x(c) = c**2 + 2*c - 52. Calculate x(-10).
28
Let c(q) = q**3 - 14*q**2 - 2*q + 35. Give c(14).
7
Let p(k) = 7*k + 1. What is p(3)?
22
Let o(y) = y**2 + 5*y - 6. Give o(-6).
0
Let g(f) = -f**2 + 26*f - 78. Determine g(3).
-9
Let l(o) = 2*o - 14. Give l(3).
-8
Let t(x) = -x**2 + 3*x + 4. Calculate t(3).
4
Let y(x) = -x**2 - 12*x - 5. What is y(-12)?
-5
Let x(r) = -r**3 + 6*r**2 + 9. Determine x(6).
9
Let k(s) = -s**3 + 10*s**2 + 6*s - 43. Determine k(10).
17
Let w(x) = -x**3 + 10*x**2 + 7*x + 22. Give w(11).
-22
Let p(v) = -v**2 + 11*v - 5. Determine p(12).
-17
Let d(s) = s**2 + 20*s + 39. Give d(-3).
-12
Let s(g) = -g**2 - 20*g - 25. Calculate s(-19).
-6
Let h(o) = o**3 - 12*o**2 + 12*o + 13. Determine h(11).
